inder when 9656 is divided by 11.
9
Calculate the remainder when 4319 is divided by 20.
19
What is the remainder when 228 is divided by 10?
8
What is the remainder when 149 is divided by 41?
26
What is the remainder when 197 is divided by 50?
47
Calculate the remainder when 2133 is divided by 35.
33
What is the remainder when 495 is divided by 20?
15
Calculate the remainder when 2729 is divided by 42.
41
Calculate the remainder when 108 is divided by 13.
4
Calculate the remainder when 465 is divided by 53.
41
Calculate the remainder when 131 is divided by 60.
11
What is the remainder when 126 is divided by 33?
27
What is the remainder when 1698 is divided by 17?
15
What is the remainder when 113 is divided by 29?
26
Calculate the remainder when 2879 is divided by 168.
23
Calculate the remainder when 128 is divided by 122.
6
What is the remainder when 195 is divided by 16?
3
Calculate the remainder when 293 is divided by 74.
71
What is the remainder when 4371 is divided by 4360?
11
Calculate the remainder when 716 is divided by 72.
68
Calculate the remainder when 508 is divided by 2.
0
What is the remainder when 166 is divided by 7?
5
What is the remainder when 1691 is divided by 154?
151
Calculate the remainder when 3705 is divided by 116.
109
What is the remainder when 3428 is divided by 3417?
11
Calculate the remainder when 2276 is divided by 32.
4
Calculate the remainder when 4452 is divided by 17.
15
Calculate the remainder when 352 is divided by 59.
57
Calculate the remainder when 61 is divided by 21.
19
What is the remainder when 628 is divided by 45?
43
Calculate the remainder when 56 is divided by 18.
2
Calculate the remainder when 140 is divided by 26.
10
What is the remainder when 25 is divided by 16?
9
What is the remainder when 248 is divided by 58?
16
Calculate the remainder when 221 is divided by 12.
5
What is the remainder when 258 is divided by 18?
6
What is the remainder when 3637 is divided by 35?
32
What is the remainder when 10227 is divided by 165?
162
What is the remainder when 167 is divided by 42?
41
Calculate the remainder when 260 is divided by 12.
8
Calculate the remainder when 2664 is divided by 189.
18
What is the remainder when 47 is divided by 24?
23
What is the remainder when 390 is divided by 194?
2
Calculate the remainder when 1713 is divided by 94.
21
Calculate the remainder when 119 is divided by 58.
3
Calculate the remainder when 2366 is divided by 58.
46
What is the remainder when 2676 is divided by 19?
16
What is the remainder when 144 is divided by 13?
1
Calculate the remainder when 97 is divided by 32.
1
What is the remainder when 305 is divided by 18?
17
What is the remainder when 203 is divided by 8?
3
What is the remainder when 179 is divided by 20?
19
Calculate the remainder when 143 is divided by 132.
11
Calculate the remainder when 767 is divided by 50.
17
Calculate the remainder when 130 is divided by 66.
64
Calculate the remainder when 387 is divided by 30.
27
What is the remainder when 536 is divided by 10?
6
Calculate the remainder when 2928 is divided by 44.
24
What is the remainder when 202 is divided by 3?
1
Calculate the remainder when 323 is divided by 22.
15
Calculate the remainder when 155 is divided by 45.
20
What is the remainder when 278 is divided by 94?
90
What is the remainder when 34 is divided by 22?
12
Calculate the remainder when 4289 is divided by 66.
65
What is the remainder when 116 is divided by 7?
4
Calculate the remainder when 400 is divided by 47.
24
What is the remainder when 497 is divided by 166?
165
Calculate the remainder when 2503 is divided by 14.
11
What is the remainder when 6253 is divided by 17?
14
What is the remainder when 1364 is divided by 18?
14
What is the remainder when 572 is divided by 122?
84
Calculate the remainder when 467 is divided by 47.
44
Calculate the remainder when 191 is divided by 15.
11
What is the remainder when 862 is divided by 72?
70
Calculate the remainder when 731 is divided by 18.
11
Calculate the remainder when 62 is divided by 13.
10
Calculate the remainder when 333 is divided by 16.
13
Calculate the remainder when 1323 is divided by 81.
27
Calculate the remainder when 666 is divided by 170.
156
What is the remainder when 1231 is divided by 44?
43
What is the remainder when 119 is divided by 5?
4
What is the remainder when 76 is divided by 43?
33
Calculate the remainder when 1319 is divided by 8.
7
Calculate the remainder when 648 is divided by 21.
18
Calculate the remainder when 1249 is divided by 404.
37
Calculate the remainder when 643 is divided by 357.
286
Calculate the remainder when 74 is divided by 21.
11
Calculate the remainder when 1703 is divided by 145.
108
Calculate the remainder when 493 is divided by 31.
28
What is the remainder when 660 is divided by 153?
48
Calculate the remainder when 1332 is divided by 441.
9
Calculate the remainder when 407 is divided by 23.
16
What is the remainder when 2142 is divided by 36?
18
Calculate the remainder when 634 is divided by 49.
46
What is the remainder when 1301 is divided by 42?
41
Calculate the remainder when 19832 is divided by 58.
54
What is the remainder when 53 is divided by 17?
2
What is the remainder when 1427 is divided by 14?
13
What is the remainder when 39 is divided by 31?
8
Calculate the remainder when 166 is divided by 49.
19
Calculate the remainder when 105 is divided by 36.
33
Calculate the remainder when 273 is divided by 70.
63
Calculate the remainder when 513 is divided by 169.
6
What is the remainder when 333 is divided by 27?
9
What is the remainder when 118 is divided by 41?
36
Calculate the remainder when 2548 is divided by 6.
4
Calculate the remainder when 162 is divided by 14.
8
Calculate the remainder when 198 is divided by 29.
24
Calculate the remainder when 1399 is divided by 89.
64
Calculate the remainder when 1280 is divided by 109.
81
Calculate the remainder when 1625 is divided by 37.
34
Calculate the remainder when 250 is divided by 147.
103
What is the remainder when 449 is divided by 65?
59
What is the remainder when 107 is divided by 28?
23
What is the remainder when 6851 is divided by 12?
11
Calculate the remainder when 99 is divided by 54.
45
What is the remainder when 327 is divided by 11?
8
Calculate the remainder when 34316 is divided by 123.
122
Calculate the remainder when 1764 is divided by 15.
9
What is the remainder when 193 is divided by 41?
29
What is the remainder when 204 is divided by 41?
40
Calculate the remainder when 168 is divided by 60.
48
Calculate the remainder when 247 is divided by 63.
58
Calculate the remainder when 2858 is divided by 44.
42
What is the remainder when 67 is divided by 51?
16
Calculate the remainder when 11517 is divided by 40.
37
Calculate the remainder when 2454 is divided by 490.
4
Calculate the remainder when 1669 is divided by 6.
1
Calculate the remainder when 201 is divided by 10.
1
Calculate the remainder when 1152 is divided by 35.
32
Calculate the remainder when 663 is divided by 203.
54
Calculate the remainder when 450 is divided by 105.
30
Calculate the remainder when 269 is divided by 91.
87
Calculate the remainder when 5678 is divided by 10.
8
What is the remainder when 10420 is divided by 80?
20
Calculate the remainder when 583 is divided by 222.
139
Calculate the remainder when 295 is divided by 77.
64
What is the remainder when 138 is divided by 63?
12
What is the remainder when 184 is divided by 53?
25
What is the remainder when 132 is divided by 73?
59
What is the remainder when 1930 is divided by 161?
159
Calculate the remainder when 149 is divided by 38.
35
Calculate the remainder when 174 is divided by 91.
83
Calculate the remainder when 524 is divided by 7.
6
What is the remainder when 261 is divided by 43?
3
Calculate the remainder when 458 is divided by 80.
58
What is the remainder when 7693 is divided by 27?
25
What is the remainder when 598 is divided by 52?
26
Calculate the remainder when 78 is divided by 65.
13
What is the remainder when 2078 is divided by 13?
11
Calculate the remainder when 19 is divided by 12.
7
What is the remainder when 186 is divided by 186?
0
Calculate the remainder when 1437 is divided by 34.
9
What is the remainder when 90 is divided by 5?
